5037 a prime number?
False
Is 165624253 a composite number?
False
Is 8559631 a prime number?
True
Is 1123621 prime?
True
Is 300271199 a prime number?
False
Is 898440827 composite?
False
Is 4089431 composite?
False
Is 225526969 prime?
False
Is 139132957 a composite number?
True
Is 26861 prime?
True
Is 18286483 a composite number?
False
Is 21305101 a composite number?
False
Is 124190081 a composite number?
False
Is 5960743 a composite number?
True
Is 962417 a composite number?
False
Is 677617727 composite?
True
Is 22841543 a prime number?
False
Is 110233 prime?
True
Is 10140985 a composite number?
True
Is 342297223 a composite number?
False
Is 9553666 prime?
False
Is 211491911 composite?
True
Is 316937323 composite?
False
Is 98676829 a composite number?
True
Is 11637463 a prime number?
True
Is 5476607 a prime number?
True
Is 7852001 a prime number?
True
Is 9658315 composite?
True
Is 93852133 composite?
False
Is 9172721 prime?
True
Is 62040091 a composite number?
False
Is 30940577 prime?
True
Is 5037157 a prime number?
True
Is 358514579 prime?
False
Is 2926873 a composite number?
True
Is 87570667 a prime number?
True
Is 39905077 a composite number?
False
Is 11929993 composite?
False
Is 26359286 prime?
False
Is 109449397 a prime number?
True
Is 17072221 a prime number?
False
Is 1510549 a prime number?
False
Is 86677 a composite number?
False
Is 2480095 a composite number?
True
Is 36586783 a composite number?
False
Is 93629 a prime number?
True
Is 7439053 prime?
True
Is 82710179 composite?
False
Is 6682219 a composite number?
False
Is 110481845 prime?
False
Is 36208087 prime?
True
Is 129776081 prime?
False
Is 154018409 prime?
True
Is 2937083 a prime number?
True
Is 343739171 prime?
True
Is 13235 prime?
False
Is 2629763 prime?
True
Is 447569 composite?
False
Is 8263 prime?
True
Is 147914581 a prime number?
True
Is 6376303 a composite number?
False
Is 139327567 prime?
False
Is 50599231 a prime number?
True
Is 810013 a prime number?
True
Is 422351 prime?
False
Is 7131259 a composite number?
False
Is 431786 a prime number?
False
Is 940798 composite?
True
Is 8661118 prime?
False
Is 5853571 composite?
True
Is 1758377 composite?
True
Is 11549717 composite?
False
Is 17038927 a composite number?
False
Is 37273333 composite?
True
Is 142939 a prime number?
True
Is 6119863 composite?
True
Is 77853379 a prime number?
True
Is 4989619 a composite number?
True
Is 2289211 composite?
False
Is 127661 composite?
True
Is 367913243 a composite number?
False
Is 2410153 a prime number?
True
Is 13077583 a composite number?
False
Is 60577327 a prime number?
True
Is 8608813 prime?
False
Is 4831441 composite?
False
Is 31761253 composite?
True
Is 16441769 a prime number?
False
Is 15858419 composite?
True
Is 22061017 a prime number?
False
Is 744671 composite?
True
Is 2896279 prime?
False
Is 72454229 composite?
False
Is 4776251 composite?
False
Is 18545167 composite?
True
Is 1611709 a composite number?
True
Is 11229619 prime?
False
Is 3290137 a prime number?
False
Is 1119107 composite?
True
Is 18245891 prime?
True
Is 4559482 composite?
True
Is 180095767 a prime number?
False
Is 2739833 composite?
True
Is 61343107 a prime number?
False
Is 606067441 composite?
True
Is 28331029 prime?
True
Is 1410727 composite?
False
Is 7337126 composite?
True
Is 2039293 prime?
False
Is 238870951 a prime number?
False
Is 947171 composite?
False
Is 39911407 a composite number?
False
Is 120986 composite?
True
Is 11337743 a prime number?
False
Is 365930113 a composite number?
True
Is 86153 a composite number?
True
Is 197867 a composite number?
True
Is 13532711 a composite number?
False
Is 48683461 a prime number?
False
Is 22424383 composite?
False
Is 678253 composite?
False
Is 13664947 composite?
True
Is 436587883 a composite number?
False
Is 114151 composite?
True
Is 1361981 composite?
True
Is 48502061 prime?
True
Is 8051249 a composite number?
True
Is 23090217 a composite number?
True
Is 66733523 a composite number?
True
Is 3882899 a prime number?
True
Is 12885617 a composite number?
False
Is 24663211 composite?
False
Is 248066947 composite?
False
Is 443108711 a composite number?
False
Is 10866577 prime?
True
Is 51006719 a composite number?
False
Is 7134473 a prime number?
False
Is 100129 composite?
False
Is 10724855 a composite number?
True
Is 1226161477 composite?
False
Is 667211 a prime number?
True
Is 3455189 a composite number?
False
Is 1722935 prime?
False
Is 11876653 composite?
True
Is 19294129 prime?
False
Is 174131 prime?
False
Is 10004261 a prime number?
True
Is 3293007 a prime number?
False
Is 5071873 a prime number?
True
Is 8177143 a prime number?
False
Is 103736053 a prime number?
True
Is 4373891 prime?
False
Is 86045503 prime?
True
Is 2045887 a prime number?
False
Is 16471649 prime?
False
Is 31345333 prime?
True
Is 942749 a composite number?
False
Is 307802977 a prime number?
True
Is 13173789 composite?
True
Is 65494411 a prime number?
True
Is 3715909 composite?
False
Is 499988251 composite?
True
Is 27271637 composite?
False
Is 68769679 prime?
False
Is 24160639 prime?
True
Is 1461657 a composite number?
True
Is 637090933 prime?
True
Is 92160767 a composite number?
True
Is 6741853 prime?
True
Is 32410633 composite?
True
Is 29736661 a composite number?
True
Is 88497149 prime?
False
Is 99942139 composite?
True
Is 6683207 composite?
False
Is 3377807 a prime number?
True
Is 1901987 composite?
False
Is 9390379 composite?
False
Is 42706394 prime?
False
Is 19533251 composite?
False
Is 137717869 a prime number?
False
Is 39238319 prime?
True
Is 1048661035 a composite number?
True
Is 16415057 a prime number?
True
Is 270645203 composite?
False
Is 14184343 composite?
True
Is 4007239 a composite number?
False
Is 40772989 a prime number?
False
Is 5741689 composite?
False
Is 413458211 a prime number?
True
Is 33788647 prime?
False
Is 70159081 composite?
True
Is 46041209 a prime number?
False
Is 3411349 composite?
False
Is 8377213 a prime number?
False
Is 3018989 a prime number?
True
Is 170257 prime?
False
Is 61636199 a prime number?
True
Is 1778719 prime?
True
Is 92054399 a composite number?
False
Is 81366407 a composite number?
False
Is 75795881 a composite number?
True
Is 6186387 a composite number?
True
Is 37894793 a composite number?
True
Is 261977 a prime number?
True
Is 4334767 prime?
True
Is 15421999 a prime number?
True
Is 37182673 a composite number?
True
Is 18500005 composite?
True
Is 38149547 a composite number?
True
Is 117681061 a composite number?
True
Is 677440099 composite?
True
Is 9494327 a prime number?
True
Is 956621 composite?
True
Is 283282421 prime?
False
Is 3478621 composite?
False
Is 105430499 a prime number?
True
Is 2021927 composite?
False
Is 1174235 a composite number?
True
Is 186445177 prime?
True
Is 64769659 prime?
True
Is 369218737 a composite number?
False
Is 63870899 a prime number?
False
Is 757633 composite?
False
Is 21997121 composite?
True
Is 1272907 prime?
False
Is 49674523 a composite number?
False
Is 93326989 a prime number?
False
Is 16127 prime?
True
Is 63253571 a prime number?
True
Is 80257031 composite?
True
Is 26124517 a composite number?
False
Is 200684615 prime?
False
Is 31320853 a prime number?
True
Is 421627463 composite?
True
Is 422454831 composite?
True
Is 1667371 composite?
True
Is 84545203 a prime number?
False
Is 2746699 composite?
False
Is 25937419 composite?
False
Is 52252385 composite?
True
Is 1226603 composite?
True
Is 8836811 a prime number?
True
Is 398669 composite?
False
Is 169486813 a prime number?
True
Is 11338073 composite?
False
Is 934403479 prime?
True
Is 20049178 composite?
True
Is 1697491709 prime?
True
Is 91562117 a prime number?
True
Is 134892973 prime?
True
Is 753149777 a prime number?
True
Is 13877818 prime?
False
Is 1912357 prime?
True
Is 170366953 composite?
True
Is 3778909 a composite number?
False
Is 1357871 a composite number?
False
Is 3131491 prime?
False
Is 44679893 a prime number?
False
Is 772229 composite?
False
Is 41745191 a prime number?
True
Is 55555887 a composite number?
True
Is 100246933 a prime number?
False
Is 1747573 composite?
False
Is 138511 composite?
False
Is 12349859 prime?
True
Is 6034313 a composite number?
True
Is 1017257 a prime number?
False
Is 2030111 a composite number?
True
Is 4897103 a prime number?